{"id":48589,"date":"2026-04-28T00:00:00","date_gmt":"2026-05-01T18:04:19","guid":{"rendered":"https:\/\/zimmo.swiss\/?post_type=immobilien&#038;p=48589"},"modified":"2026-05-01T20:04:30","modified_gmt":"2026-05-01T18:04:30","slug":"2853","status":"publish","type":"immobilien","link":"https:\/\/zimmo.swiss\/fr\/immobilien\/2853\/","title":{"rendered":"2853"},"content":{"rendered":"","protected":false},"excerpt":{"rendered":"","protected":false},"featured_media":0,"menu_order":0,"template":"","meta":{"_acf_changed":false},"categories":[],"class_list":["post-48589","immobilien","type-immobilien","status-publish","hentry"],"acf":{"bild":"https:\/\/uploads-ssl.webflow.com\/6166c9616f0f4c8db71fe78f\/6185276b63710416212ef299_Villa%20(2).jpg","objekt-art":"Villa","f-objekt-art":"Villa","i-objekt-art":"Villa","objekt-titel":"Villa","f-objekt-titel":"Villa individuelle ","i-objekt-titel":"Villa unifamiliare ","objektbeschrieb":"Einfamilienhaus, bestehend aus zwei Obergeschossen und zwei Kellergeschossen. Im n\u00f6rdlichen Kellergeschoss befinden sich Waschk\u00fcche, Heimkino, Tresorraum und zwei WCs mit Waschbecken; im s\u00fcdlichen Kellergeschoss gibt es einen Kriechkeller, Fitnessraum, Meditationsraum, einen ehemaligen Wellnessbereich mit Sauna, Duschraum und einem WC mit Waschbecken sowie Heizungsraum; Im Erdgeschoss und im Dachgeschoss befindet sich eine Sieben-Zimmer-Wohnung. Eine Doppelgarage, ein gepflasterter Hof, auf dem mehrere Fahrzeuge geparkt werden k\u00f6nnen, drei Holzterrassen, Swimmingpool und grossfl\u00e4chiger Garten mit B\u00e4umen und einem Bouleplatz runden das Anwesen ab. Geb\u00e4udefl\u00e4che: 346 m\u00b2. Grundst\u00fccksfl\u00e4che: 2156 m\u00b2. Baujahr: 1975.\nWohngebiet mit Einfamilienh\u00e4usern in der N\u00e4he des Sees. Nur wenige Meter entfernt befindet sich eine Bushaltestelle. 6 Autominuten von Versoix entfernt, das alle Annehmlichkeiten bietet. Der Kindergarten und die Primarschule k\u00f6nnen in der Gemeinde besucht werden.","f-objekt":"Villa individuelle, sur deux niveaux principaux et deux sous-sols partiels. Elle est compos\u00e9e au sous-sol nord d'une buanderie, une salle cin\u00e9ma, une chambre forte et deux wc-lavabo ; au sous-sol sud il y\u2019a un vide sanitaire, une salle de sport, une salle de m\u00e9ditation, un ancien espace wellness comprenant sauna, une salle de douches et un wc-lavabo, ainsi que la chaufferie ; au rez-de chauss\u00e9e et dans les combles se trouve un logement de sept pi\u00e8ces. Un garage double, une cour pav\u00e9e permettant le stationnement de plusieurs v\u00e9hicules, trois terrasses en bois, une piscine enterr\u00e9e et un grand jardin arbor\u00e9 avec un terrain de p\u00e9tanque, compl\u00e8tent la propri\u00e9t\u00e9. Surface du b\u00e2timent: 346 m2. Superficie du terrain: 2156 m2. Ann\u00e9e de construction: 1975.\nZone r\u00e9sidentielle de maisons individuelles proche du lac. A quelques m\u00e8tres se trouve un arr\u00eat de bus. A 6 minutes en voiture de Versoix o\u00f9 se trouvent toutes les commodit\u00e9s. L\u2019\u00e9cole enfantine et primaire peuvent \u00eatre fr\u00e9quent\u00e9es dans la commune.","i-objekt":"Villa unifamiliare, su due livelli principali e due seminterrati parziali. \u00c8 composta, nel seminterrato nord, da una lavanderia, una sala cinema, una camera blindata e due WC con lavabo; nel seminterrato sud vi sono un vespaio, una sala fitness, una sala meditazione, un ex spazio wellness comprendente sauna, una sala docce e un WC con lavabo, nonch\u00e9 la centrale termica. Al piano terra e nel sottotetto si trova un\u2019abitazione di sette locali. Un garage doppio, un cortile pavimentato che consente il parcheggio di pi\u00f9 veicoli, tre terrazze in legno, una piscina interrata e un ampio giardino alberato con un campo da bocce completano la propriet\u00e0. Superficie dell\u2019edificio: 346 m2. Superficie del terreno: 2156 m2. Anno di costruzione: 1975.\nZona residenziale di ville unifamiliari vicino al lago. A pochi metri si trova una fermata dell\u2019autobus. A 6 minuti in auto da Versoix, dove si trovano tutti i servizi e le comodit\u00e0. La scuola dell\u2019infanzia e la scuola primaria possono essere frequentate nel comune.","strassenr":"Chemin de Monthoux 5","plz":"1291","ort":"Commugny","kanton":"VD","amtliche_schatzung":"5'550'000.00","besichtigung":"Auf Anfrage beim zust\u00e4ndigen Amt","f-besichtigung":"sur demande aupr\u00e8s du bureau comp\u00e9tent","i-besichtigung":"su richiesta presso l\u2019ufficio di esecuzione","steigerungsdatum":"09.09.2026","steigerungszeit":"10:00","steigerungsort":"Nyon, Avenue Reverdil 2, salle des ventes juridiques (3\u00e8me \u00e9tage) de l'Office soussign\u00e9","grundbuchamt":"Commugny, RF 1011","kontaktstelle":"Offices des poursuites du district de Nyon\nAvenue Reverdil 2, Case postale\n1260 Nyon 2","anzahlung":"gem\u00e4ss Steigerungsbedingungen","f-anzahlung":"","i-anzahlung":"","shab_link":"https:\/\/shab.ch\/api\/v1\/publications\/a2694f0a-dc24-49de-b948-01bc063aad73\/pdf","oereb_link":"https:\/\/www.rdppf.vd.ch\/ws\/RdppfSVC.svc\/extract\/pdf\/?EGRID=CH208145358362","link_1":"https:\/\/www.vd.ch\/fileadmin\/user_upload\/ojvencheres\/OP_Nyon\/Fichiers\/SUSINI_Fran%C3%A7ois\/Rapport_d_expertise_-_VAGO_27.06.2025.pdf","link_2":"","link_3":"","link_4":"","link_5":"","link_6":"","abgesagt":false,"erstelldatum":"2026-05-01","latitude":"46.32157","longitude":"6.17395"},"yoast_head":"<!-- This site is optimized with the Yoast SEO plugin v21.7 - https:\/\/yoast.com\/wordpress\/plugins\/seo\/ -->\n<title>2853 | Zimmo.swiss<\/title>\n<meta name=\"robots\" content=\"index, follow, max-snippet:-1, max-image-preview:large, max-video-preview:-1\" \/>\n<link rel=\"canonical\" href=\"https:\/\/zimmo.swiss\/immobilien\/2853\/\" \/>\n<meta property=\"og:locale\" content=\"fr_FR\" \/>\n<meta property=\"og:type\" content=\"article\" \/>\n<meta property=\"og:title\" content=\"2853 | Zimmo.swiss\" \/>\n<meta property=\"og:url\" content=\"https:\/\/zimmo.swiss\/immobilien\/2853\/\" \/>\n<meta property=\"og:site_name\" content=\"Zimmo.swiss\" \/>\n<meta property=\"article:modified_time\" content=\"2026-05-01T18:04:30+00:00\" \/>\n<meta property=\"og:image\" content=\"https:\/\/zimmo.swiss\/wp-content\/uploads\/2023\/10\/opengraph-zimmo.png\" \/>\n\t<meta property=\"og:image:width\" content=\"1200\" \/>\n\t<meta property=\"og:image:height\" content=\"630\" \/>\n\t<meta property=\"og:image:type\" content=\"image\/png\" \/>\n<meta name=\"twitter:card\" content=\"summary_large_image\" \/>\n<script type=\"application\/ld+json\" class=\"yoast-schema-graph\">{\"@context\":\"https:\/\/schema.org\",\"@graph\":[{\"@type\":\"WebPage\",\"@id\":\"https:\/\/zimmo.swiss\/immobilien\/2853\/\",\"url\":\"https:\/\/zimmo.swiss\/immobilien\/2853\/\",\"name\":\"2853 | Zimmo.swiss\",\"isPartOf\":{\"@id\":\"https:\/\/zimmo.swiss\/#website\"},\"datePublished\":\"2026-05-01T18:04:19+00:00\",\"dateModified\":\"2026-05-01T18:04:30+00:00\",\"breadcrumb\":{\"@id\":\"https:\/\/zimmo.swiss\/immobilien\/2853\/#breadcrumb\"},\"inLanguage\":\"fr-FR\",\"potentialAction\":[{\"@type\":\"ReadAction\",\"target\":[\"https:\/\/zimmo.swiss\/immobilien\/2853\/\"]}]},{\"@type\":\"BreadcrumbList\",\"@id\":\"https:\/\/zimmo.swiss\/immobilien\/2853\/#breadcrumb\",\"itemListElement\":[{\"@type\":\"ListItem\",\"position\":1,\"name\":\"Startseite\",\"item\":\"https:\/\/zimmo.swiss\/\"},{\"@type\":\"ListItem\",\"position\":2,\"name\":\"Immobilien\",\"item\":\"https:\/\/zimmo.swiss\/immobilien\/\"},{\"@type\":\"ListItem\",\"position\":3,\"name\":\"2853\"}]},{\"@type\":\"WebSite\",\"@id\":\"https:\/\/zimmo.swiss\/#website\",\"url\":\"https:\/\/zimmo.swiss\/\",\"name\":\"Zimmo.swiss\",\"description\":\"Das Immobilien-Suchabo aus der Schweiz\",\"potentialAction\":[{\"@type\":\"SearchAction\",\"target\":{\"@type\":\"EntryPoint\",\"urlTemplate\":\"https:\/\/zimmo.swiss\/?s={search_term_string}\"},\"query-input\":\"required name=search_term_string\"}],\"inLanguage\":\"fr-FR\"}]}<\/script>\n<!-- \/ Yoast SEO plugin. -->","yoast_head_json":{"title":"2853 | Zimmo.swiss","robots":{"index":"index","follow":"follow","max-snippet":"max-snippet:-1","max-image-preview":"max-image-preview:large","max-video-preview":"max-video-preview:-1"},"canonical":"https:\/\/zimmo.swiss\/immobilien\/2853\/","og_locale":"fr_FR","og_type":"article","og_title":"2853 | Zimmo.swiss","og_url":"https:\/\/zimmo.swiss\/immobilien\/2853\/","og_site_name":"Zimmo.swiss","article_modified_time":"2026-05-01T18:04:30+00:00","og_image":[{"width":1200,"height":630,"url":"https:\/\/zimmo.swiss\/wp-content\/uploads\/2023\/10\/opengraph-zimmo.png","type":"image\/png"}],"twitter_card":"summary_large_image","schema":{"@context":"https:\/\/schema.org","@graph":[{"@type":"WebPage","@id":"https:\/\/zimmo.swiss\/immobilien\/2853\/","url":"https:\/\/zimmo.swiss\/immobilien\/2853\/","name":"2853 | Zimmo.swiss","isPartOf":{"@id":"https:\/\/zimmo.swiss\/#website"},"datePublished":"2026-05-01T18:04:19+00:00","dateModified":"2026-05-01T18:04:30+00:00","breadcrumb":{"@id":"https:\/\/zimmo.swiss\/immobilien\/2853\/#breadcrumb"},"inLanguage":"fr-FR","potentialAction":[{"@type":"ReadAction","target":["https:\/\/zimmo.swiss\/immobilien\/2853\/"]}]},{"@type":"BreadcrumbList","@id":"https:\/\/zimmo.swiss\/immobilien\/2853\/#breadcrumb","itemListElement":[{"@type":"ListItem","position":1,"name":"Startseite","item":"https:\/\/zimmo.swiss\/"},{"@type":"ListItem","position":2,"name":"Immobilien","item":"https:\/\/zimmo.swiss\/immobilien\/"},{"@type":"ListItem","position":3,"name":"2853"}]},{"@type":"WebSite","@id":"https:\/\/zimmo.swiss\/#website","url":"https:\/\/zimmo.swiss\/","name":"Zimmo.swiss","description":"Das Immobilien-Suchabo aus der Schweiz","potentialAction":[{"@type":"SearchAction","target":{"@type":"EntryPoint","urlTemplate":"https:\/\/zimmo.swiss\/?s={search_term_string}"},"query-input":"required name=search_term_string"}],"inLanguage":"fr-FR"}]}},"_links":{"self":[{"href":"https:\/\/zimmo.swiss\/fr\/wp-json\/wp\/v2\/immobilien\/48589","targetHints":{"allow":["GET"]}}],"collection":[{"href":"https:\/\/zimmo.swiss\/fr\/wp-json\/wp\/v2\/immobilien"}],"about":[{"href":"https:\/\/zimmo.swiss\/fr\/wp-json\/wp\/v2\/types\/immobilien"}],"wp:attachment":[{"href":"https:\/\/zimmo.swiss\/fr\/wp-json\/wp\/v2\/media?parent=48589"}],"wp:term":[{"taxonomy":"category","embeddable":true,"href":"https:\/\/zimmo.swiss\/fr\/wp-json\/wp\/v2\/categories?post=48589"}],"curies":[{"name":"wp","href":"https:\/\/api.w.org\/{rel}","templated":true}]}}

Einfamilienhaus, bestehend aus zwei Obergeschossen und zwei Kellergeschossen. Im nördlichen Kellergeschoss befinden sich Waschküche, Heimkino, Tresorraum und zwei WCs mit Waschbecken; im südlichen Kellergeschoss gibt es einen Kriechkeller, Fitnessraum, Meditationsraum, einen ehemaligen Wellnessbereich mit Sauna, Duschraum und einem WC mit Waschbecken sowie Heizungsraum; Im Erdgeschoss und im Dachgeschoss befindet sich eine Sieben-Zimmer-Wohnung. Eine Doppelgarage, ein gepflasterter Hof, auf dem mehrere Fahrzeuge geparkt werden können, drei Holzterrassen, Swimmingpool und grossflächiger Garten mit Bäumen und einem Bouleplatz runden das Anwesen ab. Gebäudefläche: 346 m². Grundstücksfläche: 2156 m². Baujahr: 1975.
Wohngebiet mit Einfamilienhäusern in der Nähe des Sees. Nur wenige Meter entfernt befindet sich eine Bushaltestelle. 6 Autominuten von Versoix entfernt, das alle Annehmlichkeiten bietet. Der Kindergarten und die Primarschule können in der Gemeinde besucht werden.

Villa individuelle, sur deux niveaux principaux et deux sous-sols partiels. Elle est composée au sous-sol nord d'une buanderie, une salle cinéma, une chambre forte et deux wc-lavabo ; au sous-sol sud il y’a un vide sanitaire, une salle de sport, une salle de méditation, un ancien espace wellness comprenant sauna, une salle de douches et un wc-lavabo, ainsi que la chaufferie ; au rez-de chaussée et dans les combles se trouve un logement de sept pièces. Un garage double, une cour pavée permettant le stationnement de plusieurs véhicules, trois terrasses en bois, une piscine enterrée et un grand jardin arboré avec un terrain de pétanque, complètent la propriété. Surface du bâtiment: 346 m2. Superficie du terrain: 2156 m2. Année de construction: 1975.
Zone résidentielle de maisons individuelles proche du lac. A quelques mètres se trouve un arrêt de bus. A 6 minutes en voiture de Versoix où se trouvent toutes les commodités. L’école enfantine et primaire peuvent être fréquentées dans la commune.

Villa unifamiliare, su due livelli principali e due seminterrati parziali. È composta, nel seminterrato nord, da una lavanderia, una sala cinema, una camera blindata e due WC con lavabo; nel seminterrato sud vi sono un vespaio, una sala fitness, una sala meditazione, un ex spazio wellness comprendente sauna, una sala docce e un WC con lavabo, nonché la centrale termica. Al piano terra e nel sottotetto si trova un’abitazione di sette locali. Un garage doppio, un cortile pavimentato che consente il parcheggio di più veicoli, tre terrazze in legno, una piscina interrata e un ampio giardino alberato con un campo da bocce completano la proprietà. Superficie dell’edificio: 346 m2. Superficie del terreno: 2156 m2. Anno di costruzione: 1975.
Zona residenziale di ville unifamiliari vicino al lago. A pochi metri si trova una fermata dell’autobus. A 6 minuti in auto da Versoix, dove si trovano tutti i servizi e le comodità. La scuola dell’infanzia e la scuola primaria possono essere frequentate nel comune.

Auf Anfrage beim zuständigen Amt

sur demande auprès du bureau compétent

Nyon, Avenue Reverdil 2, salle des ventes juridiques (3ème étage) de l'Office soussigné

gemäss Steigerungsbedingungen
