{"id":48588,"date":"2026-04-30T00:00:00","date_gmt":"2026-04-30T20:57:11","guid":{"rendered":"https:\/\/zimmo.swiss\/?post_type=immobilien&#038;p=48588"},"modified":"2026-04-30T22:57:21","modified_gmt":"2026-04-30T20:57:21","slug":"2852","status":"publish","type":"immobilien","link":"https:\/\/zimmo.swiss\/fr\/immobilien\/2852\/","title":{"rendered":"2852"},"content":{"rendered":"","protected":false},"excerpt":{"rendered":"","protected":false},"featured_media":0,"menu_order":0,"template":"","meta":{"_acf_changed":false},"categories":[],"class_list":["post-48588","immobilien","type-immobilien","status-publish","hentry"],"acf":{"bild":"https:\/\/zimmo.swiss\/wp-content\/uploads\/2023\/08\/EFH-1.jpg","objekt-art":"Einfamilienhaus","f-objekt-art":"Maison individuelle","i-objekt-art":"Casa unifamiliare","objekt-titel":"Maison individuelle ","f-objekt-titel":"Maison individuelle ","i-objekt-titel":"Casa unifamiliare ","objektbeschrieb":"Einfamilienhaus auf zwei Etagen mit einer Wohnfl\u00e4che von 75 m\u00b2. Im Erdgeschoss befinden sich der Eingangsbereich, ein Schlafzimmer (das auch als Musikzimmer genutzt werden kann), Waschk\u00fcche, Heizungsraum und Abstellraum. Im Obergeschoss befinden sich K\u00fcche, Wohn- und Esszimmer, WC, Bad mit Dusche sowie ein Schlafzimmer. Aussenbereich: Parkplatz, Holzschuppen und Werkstatt. Geb\u00e4udefl\u00e4che: 114 m\u00b2. Gesamtfl\u00e4che: 167 m\u00b2. Baujahr: 1994.\nIn ruhiger Wohnlage, 5 km von Del\u00e9mont und 12 km von Moutier entfernt, wo alle Annehmlichkeiten vorhanden sind. Der Kindergarten und die Primarschule k\u00f6nnen in Ch\u00e2tillon besucht werden. Die Sekundarschule befindet sich in Courrendlin.","f-objekt":"Maison individuelle sur 2 niveaux compos\u00e9e d\u2019un logement de 75 m2. Au rez-de-chauss\u00e9e il y'a une entr\u00e9e, une chambre-disponible-pi\u00e8ce musique, une buanderie, un local de chauffage et un local citerne-r\u00e9duit. A l\u2019\u00e9tage nous trouvons une cuisine, salon-salle \u00e0 manger, wc-bain-douche et une chambre. Am\u00e9nagements ext\u00e9rieurs : place de parc,  r\u00e9duit pour bois et atelier. Surface du b\u00e2timent: 114 m2. Superficie totale: 167 m2. Ann\u00e9e de construction: 1994. \nZone r\u00e9sidentielle, tranquille \u00e0 5 km de Del\u00e9mont et 12 km de Moutier o\u00f9 sont pr\u00e9sentes toutes les commodit\u00e9s. L\u2019\u00e9cole enfantine et primaire peuvent \u00eatre fr\u00e9quent\u00e9es \u00e0 Ch\u00e2tillon. L\u2019\u00e9cole secondaire \u00e0 Courrendlin.","i-objekt":"Casa unifamiliare su 2 livelli composta da un\u2019abitazione di 75 m2. Al piano terra vi sono un ingresso, una camera disponibile-stanza musica, una lavanderia, un locale caldaia e un locale cisterna- ripostiglio. Al piano superiore troviamo una cucina, un soggiorno-sala da pranzo, wc-bagno-doccia e una camera da letto. Sistemazioni esterne: posto auto, ripostiglio per legna e laboratorio. Superficie dell\u2019edificio: 114 m2. Superficie totale: 167 m2. Anno di costruzione: 1994.\nZona residenziale tranquilla, a 5 km da Del\u00e9mont e a 12 km da Moutier, dove sono presenti tutti i servizi. La scuola dell\u2019infanzia e primaria possono essere frequentate a Ch\u00e2tillon. La scuola secondaria a Courrendlin.","strassenr":"La Chenale 7","plz":"2843","ort":"Ch\u00e2tillon","kanton":"JU","amtliche_schatzung":"330'000.00","besichtigung":"11. Juni 2026 von 14:00 bis 15:00 Uhr","f-besichtigung":"Date de la visite : le 11 juin 2026 de 14h00 \u00e0 15h00","i-besichtigung":"Data della visita: 11 giugno 2026 dalle 14.00 alle 15.00.","steigerungsdatum":"03.07.2026","steigerungszeit":"10:00","steigerungsort":"Salle des ventes de l'Office des poursuite, Rue Auguste-Cuenin 15, 2900 Porrentruy\n\u2002\u2002 \u2002\u2002\u2002\u2002\u2002\u2002\u2002\u2002\u2002\u2002\u2002","grundbuchamt":"Ch\u00e2tillon, RF 329","kontaktstelle":"Office des poursuites et faillites du canton du Jura\nRue Auguste-Cuenin 15\n2900 Porrentruy","anzahlung":"gem\u00e4ss Steigerungsbedingungen","f-anzahlung":"","i-anzahlung":"","shab_link":"https:\/\/shab.ch\/api\/v1\/publications\/c0d40fd7-6ef2-4c73-ac0a-5534cbf8a7be\/pdf","oereb_link":"https:\/\/geo.jura.ch\/crdppf_server\/extract\/pdf?EGRID=CH694479930684","link_1":"","link_2":"","link_3":"","link_4":"","link_5":"","link_6":"","abgesagt":false,"erstelldatum":"2026-04-30","latitude":"47.32756","longitude":"7.34437"},"yoast_head":"<!-- This site is optimized with the Yoast SEO plugin v21.7 - https:\/\/yoast.com\/wordpress\/plugins\/seo\/ -->\n<title>2852 | Zimmo.swiss<\/title>\n<meta name=\"robots\" content=\"index, follow, max-snippet:-1, max-image-preview:large, max-video-preview:-1\" \/>\n<link rel=\"canonical\" href=\"https:\/\/zimmo.swiss\/immobilien\/2852\/\" \/>\n<meta property=\"og:locale\" content=\"fr_FR\" \/>\n<meta property=\"og:type\" content=\"article\" \/>\n<meta property=\"og:title\" content=\"2852 | Zimmo.swiss\" \/>\n<meta property=\"og:url\" content=\"https:\/\/zimmo.swiss\/immobilien\/2852\/\" \/>\n<meta property=\"og:site_name\" content=\"Zimmo.swiss\" \/>\n<meta property=\"article:modified_time\" content=\"2026-04-30T20:57:21+00:00\" \/>\n<meta property=\"og:image\" content=\"https:\/\/zimmo.swiss\/wp-content\/uploads\/2023\/10\/opengraph-zimmo.png\" \/>\n\t<meta property=\"og:image:width\" content=\"1200\" \/>\n\t<meta property=\"og:image:height\" content=\"630\" \/>\n\t<meta property=\"og:image:type\" content=\"image\/png\" \/>\n<meta name=\"twitter:card\" content=\"summary_large_image\" \/>\n<script type=\"application\/ld+json\" class=\"yoast-schema-graph\">{\"@context\":\"https:\/\/schema.org\",\"@graph\":[{\"@type\":\"WebPage\",\"@id\":\"https:\/\/zimmo.swiss\/immobilien\/2852\/\",\"url\":\"https:\/\/zimmo.swiss\/immobilien\/2852\/\",\"name\":\"2852 | Zimmo.swiss\",\"isPartOf\":{\"@id\":\"https:\/\/zimmo.swiss\/#website\"},\"datePublished\":\"2026-04-30T20:57:11+00:00\",\"dateModified\":\"2026-04-30T20:57:21+00:00\",\"breadcrumb\":{\"@id\":\"https:\/\/zimmo.swiss\/immobilien\/2852\/#breadcrumb\"},\"inLanguage\":\"fr-FR\",\"potentialAction\":[{\"@type\":\"ReadAction\",\"target\":[\"https:\/\/zimmo.swiss\/immobilien\/2852\/\"]}]},{\"@type\":\"BreadcrumbList\",\"@id\":\"https:\/\/zimmo.swiss\/immobilien\/2852\/#breadcrumb\",\"itemListElement\":[{\"@type\":\"ListItem\",\"position\":1,\"name\":\"Startseite\",\"item\":\"https:\/\/zimmo.swiss\/\"},{\"@type\":\"ListItem\",\"position\":2,\"name\":\"Immobilien\",\"item\":\"https:\/\/zimmo.swiss\/immobilien\/\"},{\"@type\":\"ListItem\",\"position\":3,\"name\":\"2852\"}]},{\"@type\":\"WebSite\",\"@id\":\"https:\/\/zimmo.swiss\/#website\",\"url\":\"https:\/\/zimmo.swiss\/\",\"name\":\"Zimmo.swiss\",\"description\":\"Das Immobilien-Suchabo aus der Schweiz\",\"potentialAction\":[{\"@type\":\"SearchAction\",\"target\":{\"@type\":\"EntryPoint\",\"urlTemplate\":\"https:\/\/zimmo.swiss\/?s={search_term_string}\"},\"query-input\":\"required name=search_term_string\"}],\"inLanguage\":\"fr-FR\"}]}<\/script>\n<!-- \/ Yoast SEO plugin. -->","yoast_head_json":{"title":"2852 | Zimmo.swiss","robots":{"index":"index","follow":"follow","max-snippet":"max-snippet:-1","max-image-preview":"max-image-preview:large","max-video-preview":"max-video-preview:-1"},"canonical":"https:\/\/zimmo.swiss\/immobilien\/2852\/","og_locale":"fr_FR","og_type":"article","og_title":"2852 | Zimmo.swiss","og_url":"https:\/\/zimmo.swiss\/immobilien\/2852\/","og_site_name":"Zimmo.swiss","article_modified_time":"2026-04-30T20:57:21+00:00","og_image":[{"width":1200,"height":630,"url":"https:\/\/zimmo.swiss\/wp-content\/uploads\/2023\/10\/opengraph-zimmo.png","type":"image\/png"}],"twitter_card":"summary_large_image","schema":{"@context":"https:\/\/schema.org","@graph":[{"@type":"WebPage","@id":"https:\/\/zimmo.swiss\/immobilien\/2852\/","url":"https:\/\/zimmo.swiss\/immobilien\/2852\/","name":"2852 | Zimmo.swiss","isPartOf":{"@id":"https:\/\/zimmo.swiss\/#website"},"datePublished":"2026-04-30T20:57:11+00:00","dateModified":"2026-04-30T20:57:21+00:00","breadcrumb":{"@id":"https:\/\/zimmo.swiss\/immobilien\/2852\/#breadcrumb"},"inLanguage":"fr-FR","potentialAction":[{"@type":"ReadAction","target":["https:\/\/zimmo.swiss\/immobilien\/2852\/"]}]},{"@type":"BreadcrumbList","@id":"https:\/\/zimmo.swiss\/immobilien\/2852\/#breadcrumb","itemListElement":[{"@type":"ListItem","position":1,"name":"Startseite","item":"https:\/\/zimmo.swiss\/"},{"@type":"ListItem","position":2,"name":"Immobilien","item":"https:\/\/zimmo.swiss\/immobilien\/"},{"@type":"ListItem","position":3,"name":"2852"}]},{"@type":"WebSite","@id":"https:\/\/zimmo.swiss\/#website","url":"https:\/\/zimmo.swiss\/","name":"Zimmo.swiss","description":"Das Immobilien-Suchabo aus der Schweiz","potentialAction":[{"@type":"SearchAction","target":{"@type":"EntryPoint","urlTemplate":"https:\/\/zimmo.swiss\/?s={search_term_string}"},"query-input":"required name=search_term_string"}],"inLanguage":"fr-FR"}]}},"_links":{"self":[{"href":"https:\/\/zimmo.swiss\/fr\/wp-json\/wp\/v2\/immobilien\/48588","targetHints":{"allow":["GET"]}}],"collection":[{"href":"https:\/\/zimmo.swiss\/fr\/wp-json\/wp\/v2\/immobilien"}],"about":[{"href":"https:\/\/zimmo.swiss\/fr\/wp-json\/wp\/v2\/types\/immobilien"}],"wp:attachment":[{"href":"https:\/\/zimmo.swiss\/fr\/wp-json\/wp\/v2\/media?parent=48588"}],"wp:term":[{"taxonomy":"category","embeddable":true,"href":"https:\/\/zimmo.swiss\/fr\/wp-json\/wp\/v2\/categories?post=48588"}],"curies":[{"name":"wp","href":"https:\/\/api.w.org\/{rel}","templated":true}]}}

Einfamilienhaus auf zwei Etagen mit einer Wohnfläche von 75 m². Im Erdgeschoss befinden sich der Eingangsbereich, ein Schlafzimmer (das auch als Musikzimmer genutzt werden kann), Waschküche, Heizungsraum und Abstellraum. Im Obergeschoss befinden sich Küche, Wohn- und Esszimmer, WC, Bad mit Dusche sowie ein Schlafzimmer. Aussenbereich: Parkplatz, Holzschuppen und Werkstatt. Gebäudefläche: 114 m². Gesamtfläche: 167 m². Baujahr: 1994.
In ruhiger Wohnlage, 5 km von Delémont und 12 km von Moutier entfernt, wo alle Annehmlichkeiten vorhanden sind. Der Kindergarten und die Primarschule können in Châtillon besucht werden. Die Sekundarschule befindet sich in Courrendlin.

Maison individuelle sur 2 niveaux composée d’un logement de 75 m2. Au rez-de-chaussée il y'a une entrée, une chambre-disponible-pièce musique, une buanderie, un local de chauffage et un local citerne-réduit. A l’étage nous trouvons une cuisine, salon-salle à manger, wc-bain-douche et une chambre. Aménagements extérieurs : place de parc,  réduit pour bois et atelier. Surface du bâtiment: 114 m2. Superficie totale: 167 m2. Année de construction: 1994. 
Zone résidentielle, tranquille à 5 km de Delémont et 12 km de Moutier où sont présentes toutes les commodités. L’école enfantine et primaire peuvent être fréquentées à Châtillon. L’école secondaire à Courrendlin.

Casa unifamiliare su 2 livelli composta da un’abitazione di 75 m2. Al piano terra vi sono un ingresso, una camera disponibile-stanza musica, una lavanderia, un locale caldaia e un locale cisterna- ripostiglio. Al piano superiore troviamo una cucina, un soggiorno-sala da pranzo, wc-bagno-doccia e una camera da letto. Sistemazioni esterne: posto auto, ripostiglio per legna e laboratorio. Superficie dell’edificio: 114 m2. Superficie totale: 167 m2. Anno di costruzione: 1994.
Zona residenziale tranquilla, a 5 km da Delémont e a 12 km da Moutier, dove sono presenti tutti i servizi. La scuola dell’infanzia e primaria possono essere frequentate a Châtillon. La scuola secondaria a Courrendlin.

Châtillon

Date de la visite : le 11 juin 2026 de 14h00 à 15h00

Châtillon, RF 329

gemäss Steigerungsbedingungen
