{"id":48585,"date":"2026-04-29T00:00:00","date_gmt":"2026-04-30T12:58:18","guid":{"rendered":"https:\/\/zimmo.swiss\/?post_type=immobilien&#038;p=48585"},"modified":"2026-05-01T16:23:53","modified_gmt":"2026-05-01T14:23:53","slug":"2849","status":"publish","type":"immobilien","link":"https:\/\/zimmo.swiss\/fr\/immobilien\/2849\/","title":{"rendered":"2849"},"content":{"rendered":"","protected":false},"excerpt":{"rendered":"","protected":false},"featured_media":0,"menu_order":0,"template":"","meta":{"_acf_changed":false},"categories":[],"class_list":["post-48585","immobilien","type-immobilien","status-publish","hentry"],"acf":{"bild":"https:\/\/zimmo.swiss\/wp-content\/uploads\/2023\/08\/Landwirtschaft-3.jpg","objekt-art":"Wohnhaus","f-objekt-art":"Immeuble d'habitation","i-objekt-art":"Casa residenziale","objekt-titel":"5-Zimmer-Wohnhaus","f-objekt-titel":"Maison de 5 pi\u00e8ces","i-objekt-titel":"Casa di 5 locali","objektbeschrieb":"Wohnhaus, 4-geschossig. Raumanordnung: Keller im Untergeschoss; Reduit, K\u00fcche, Wohnzimmer und Badezimmer im Erdgeschoss; Vorraum und 2 Zimmer im Obergeschoss; 2 Zimmer im Dachgeschoss. Wohnfl\u00e4che: ca. 118 m2; Geb\u00e4udefl\u00e4che: 81 m2; Strasse\/Weg: 44 m2; Umschwung: 488 m2; gesamte Grundst\u00fcckfl\u00e4che: 627 m2. Inkl. Anbauschopf und Schopf (14 m2). Baujahr: 1859.\nDie Liegenschaft befindet sich an sehr ruhiger und sonniger Lage. Den Bahnhof Wynigen erreicht man in ca. 5 Autofahrminuten. Im 6 km entfernten Burgdorf findet man ein breites Spektrum an Einkaufsm\u00f6glichkeiten und Restaurants. Der Kindergarten und die Primarschule k\u00f6nnen in Kaltacker und die Oberstufe in Heimiswil besucht werden. Der Autobahnanschluss an die A1 (Kirchberg) ist ca. 9 km entfernt.","f-objekt":"Maison d'habitation de 4 \u00e9tages. Disposition des pi\u00e8ces : cave au sous-sol ; d\u00e9barras, cuisine, salon et salle de bains au rez-de-chauss\u00e9e ; entr\u00e9e et 2 pi\u00e8ces \u00e0 l'\u00e9tage ; 2 pi\u00e8ces dans les combles. Surface habitable : env. 118 m2 ; surface du b\u00e2timent : 81 m2; rue\/chemin : 44 m2 ; terrain : 488 m2; superficie totale du terrain : 627 m2. Y compris annexes et remise (14 m2). Ann\u00e9e de construction : 1859.\nLa propri\u00e9t\u00e9 b\u00e9n\u00e9ficie d'un emplacement tr\u00e8s calme et ensoleill\u00e9. La gare de Wynigen est accessible en environ 5 minutes en voiture. \u00c0 Burgdorf, \u00e0 6 km, on trouve un large \u00e9ventail de commerces et de restaurants. L'\u00e9cole maternelle et l'\u00e9cole primaire se trouvent \u00e0 Kaltacker, tandis que le coll\u00e8ge est situ\u00e9 \u00e0 Heimiswil. La sortie d'autoroute vers l'A1 (Kirchberg) est \u00e0 environ 9 km.","i-objekt":"Edificio residenziale a 4 piani. Disposizione degli ambienti: cantina al piano interrato; ripostiglio, cucina, soggiorno e bagno al piano terra; ingresso e 2 stanze al piano superiore; 2 stanze al piano mansardato. Superficie abitabile: ca. 118 m2; superficie dell'edificio: 81 m2; strada\/vialetto: 44 m2; terreno circostante: 488 m2; superficie totale del terreno: 627 m2. Compresi annesso e capanno (14 m2). Anno di costruzione: 1859.\nL'immobile si trova in una posizione molto tranquilla e soleggiata. La stazione ferroviaria di Wynigen \u00e8 raggiungibile in circa 5 minuti di auto. A Burgdorf, a 6 km di distanza, si trova un'ampia gamma di negozi e ristoranti. L'asilo e la scuola elementare si trovano a Kaltacker, mentre la scuola media superiore si trova a Heimiswil. L'accesso all'autostrada A1 (Kirchberg) dista circa 9 km.","strassenr":"Kleinweid 388","plz":"3413","ort":"Kaltacker","kanton":"BE","amtliche_schatzung":"145'000.00","besichtigung":"Auf Anfrage beim zust\u00e4ndigen Amt","f-besichtigung":"sur demande aupr\u00e8s du bureau comp\u00e9tent","i-besichtigung":"su richiesta presso l\u2019ufficio di esecuzione","steigerungsdatum":"30.06.2026","steigerungszeit":"15.30","steigerungsort":"3400 Burgdorf, Kantonales Verwaltungszentrum Burgdorf, Neumatt, Sitzungszimmer Langete Raum 7.3.10, Dunantstrasse 7B","grundbuchamt":"Heimiswil, Gbbl. 939","kontaktstelle":"Konkursamt Emmental-Oberaargau - Dienststelle Emmental-Oberaargau, Jurastrasse 22, 4900 Langenthal","anzahlung":"Gem\u00e4ss Steigerungsbedingungen","f-anzahlung":"","i-anzahlung":"","shab_link":"https:\/\/shab.ch\/api\/v1\/publications\/e457aef3-45f1-4a11-b0dd-195151b18fab\/pdf","oereb_link":"https:\/\/www.oereb2.apps.be.ch\/extract\/pdf\/?EGRID=CH973580304642","link_1":"https:\/\/www.schkg-be.ch\/fileadmin\/user_upload\/Verwertungen\/KA_Emmental-Oberaargau\/Downloads\/Muster_VWS_Wohnhaus_Kleinweid_388__3413_Kaltacker.pdf","link_2":"https:\/\/www.schkg-be.ch\/fileadmin\/user_upload\/Verwertungen\/KA_Emmental-Oberaargau\/Muster_SHAB_Grundstuecksteigerung.pdf","link_3":"","link_4":"","link_5":"","link_6":"","abgesagt":false,"erstelldatum":"2026-04-29","latitude":"47.09065","longitude":"7.66387"},"yoast_head":"<!-- This site is optimized with the Yoast SEO plugin v21.7 - https:\/\/yoast.com\/wordpress\/plugins\/seo\/ -->\n<title>2849 | Zimmo.swiss<\/title>\n<meta name=\"robots\" content=\"index, follow, max-snippet:-1, max-image-preview:large, max-video-preview:-1\" \/>\n<link rel=\"canonical\" href=\"https:\/\/zimmo.swiss\/immobilien\/2849\/\" \/>\n<meta property=\"og:locale\" content=\"fr_FR\" \/>\n<meta property=\"og:type\" content=\"article\" \/>\n<meta property=\"og:title\" content=\"2849 | Zimmo.swiss\" \/>\n<meta property=\"og:url\" content=\"https:\/\/zimmo.swiss\/immobilien\/2849\/\" \/>\n<meta property=\"og:site_name\" content=\"Zimmo.swiss\" \/>\n<meta property=\"article:modified_time\" content=\"2026-05-01T14:23:53+00:00\" \/>\n<meta property=\"og:image\" content=\"https:\/\/zimmo.swiss\/wp-content\/uploads\/2023\/10\/opengraph-zimmo.png\" \/>\n\t<meta property=\"og:image:width\" content=\"1200\" \/>\n\t<meta property=\"og:image:height\" content=\"630\" \/>\n\t<meta property=\"og:image:type\" content=\"image\/png\" \/>\n<meta name=\"twitter:card\" content=\"summary_large_image\" \/>\n<script type=\"application\/ld+json\" class=\"yoast-schema-graph\">{\"@context\":\"https:\/\/schema.org\",\"@graph\":[{\"@type\":\"WebPage\",\"@id\":\"https:\/\/zimmo.swiss\/immobilien\/2849\/\",\"url\":\"https:\/\/zimmo.swiss\/immobilien\/2849\/\",\"name\":\"2849 | Zimmo.swiss\",\"isPartOf\":{\"@id\":\"https:\/\/zimmo.swiss\/#website\"},\"datePublished\":\"2026-04-30T12:58:18+00:00\",\"dateModified\":\"2026-05-01T14:23:53+00:00\",\"breadcrumb\":{\"@id\":\"https:\/\/zimmo.swiss\/immobilien\/2849\/#breadcrumb\"},\"inLanguage\":\"fr-FR\",\"potentialAction\":[{\"@type\":\"ReadAction\",\"target\":[\"https:\/\/zimmo.swiss\/immobilien\/2849\/\"]}]},{\"@type\":\"BreadcrumbList\",\"@id\":\"https:\/\/zimmo.swiss\/immobilien\/2849\/#breadcrumb\",\"itemListElement\":[{\"@type\":\"ListItem\",\"position\":1,\"name\":\"Startseite\",\"item\":\"https:\/\/zimmo.swiss\/\"},{\"@type\":\"ListItem\",\"position\":2,\"name\":\"Immobilien\",\"item\":\"https:\/\/zimmo.swiss\/immobilien\/\"},{\"@type\":\"ListItem\",\"position\":3,\"name\":\"2849\"}]},{\"@type\":\"WebSite\",\"@id\":\"https:\/\/zimmo.swiss\/#website\",\"url\":\"https:\/\/zimmo.swiss\/\",\"name\":\"Zimmo.swiss\",\"description\":\"Das Immobilien-Suchabo aus der Schweiz\",\"potentialAction\":[{\"@type\":\"SearchAction\",\"target\":{\"@type\":\"EntryPoint\",\"urlTemplate\":\"https:\/\/zimmo.swiss\/?s={search_term_string}\"},\"query-input\":\"required name=search_term_string\"}],\"inLanguage\":\"fr-FR\"}]}<\/script>\n<!-- \/ Yoast SEO plugin. -->","yoast_head_json":{"title":"2849 | Zimmo.swiss","robots":{"index":"index","follow":"follow","max-snippet":"max-snippet:-1","max-image-preview":"max-image-preview:large","max-video-preview":"max-video-preview:-1"},"canonical":"https:\/\/zimmo.swiss\/immobilien\/2849\/","og_locale":"fr_FR","og_type":"article","og_title":"2849 | Zimmo.swiss","og_url":"https:\/\/zimmo.swiss\/immobilien\/2849\/","og_site_name":"Zimmo.swiss","article_modified_time":"2026-05-01T14:23:53+00:00","og_image":[{"width":1200,"height":630,"url":"https:\/\/zimmo.swiss\/wp-content\/uploads\/2023\/10\/opengraph-zimmo.png","type":"image\/png"}],"twitter_card":"summary_large_image","schema":{"@context":"https:\/\/schema.org","@graph":[{"@type":"WebPage","@id":"https:\/\/zimmo.swiss\/immobilien\/2849\/","url":"https:\/\/zimmo.swiss\/immobilien\/2849\/","name":"2849 | Zimmo.swiss","isPartOf":{"@id":"https:\/\/zimmo.swiss\/#website"},"datePublished":"2026-04-30T12:58:18+00:00","dateModified":"2026-05-01T14:23:53+00:00","breadcrumb":{"@id":"https:\/\/zimmo.swiss\/immobilien\/2849\/#breadcrumb"},"inLanguage":"fr-FR","potentialAction":[{"@type":"ReadAction","target":["https:\/\/zimmo.swiss\/immobilien\/2849\/"]}]},{"@type":"BreadcrumbList","@id":"https:\/\/zimmo.swiss\/immobilien\/2849\/#breadcrumb","itemListElement":[{"@type":"ListItem","position":1,"name":"Startseite","item":"https:\/\/zimmo.swiss\/"},{"@type":"ListItem","position":2,"name":"Immobilien","item":"https:\/\/zimmo.swiss\/immobilien\/"},{"@type":"ListItem","position":3,"name":"2849"}]},{"@type":"WebSite","@id":"https:\/\/zimmo.swiss\/#website","url":"https:\/\/zimmo.swiss\/","name":"Zimmo.swiss","description":"Das Immobilien-Suchabo aus der Schweiz","potentialAction":[{"@type":"SearchAction","target":{"@type":"EntryPoint","urlTemplate":"https:\/\/zimmo.swiss\/?s={search_term_string}"},"query-input":"required name=search_term_string"}],"inLanguage":"fr-FR"}]}},"_links":{"self":[{"href":"https:\/\/zimmo.swiss\/fr\/wp-json\/wp\/v2\/immobilien\/48585","targetHints":{"allow":["GET"]}}],"collection":[{"href":"https:\/\/zimmo.swiss\/fr\/wp-json\/wp\/v2\/immobilien"}],"about":[{"href":"https:\/\/zimmo.swiss\/fr\/wp-json\/wp\/v2\/types\/immobilien"}],"wp:attachment":[{"href":"https:\/\/zimmo.swiss\/fr\/wp-json\/wp\/v2\/media?parent=48585"}],"wp:term":[{"taxonomy":"category","embeddable":true,"href":"https:\/\/zimmo.swiss\/fr\/wp-json\/wp\/v2\/categories?post=48585"}],"curies":[{"name":"wp","href":"https:\/\/api.w.org\/{rel}","templated":true}]}}

Maison de 5 pièces

Wohnhaus, 4-geschossig. Raumanordnung: Keller im Untergeschoss; Reduit, Küche, Wohnzimmer und Badezimmer im Erdgeschoss; Vorraum und 2 Zimmer im Obergeschoss; 2 Zimmer im Dachgeschoss. Wohnfläche: ca. 118 m2; Gebäudefläche: 81 m2; Strasse/Weg: 44 m2; Umschwung: 488 m2; gesamte Grundstückfläche: 627 m2. Inkl. Anbauschopf und Schopf (14 m2). Baujahr: 1859.
Die Liegenschaft befindet sich an sehr ruhiger und sonniger Lage. Den Bahnhof Wynigen erreicht man in ca. 5 Autofahrminuten. Im 6 km entfernten Burgdorf findet man ein breites Spektrum an Einkaufsmöglichkeiten und Restaurants. Der Kindergarten und die Primarschule können in Kaltacker und die Oberstufe in Heimiswil besucht werden. Der Autobahnanschluss an die A1 (Kirchberg) ist ca. 9 km entfernt.

Maison d'habitation de 4 étages. Disposition des pièces : cave au sous-sol ; débarras, cuisine, salon et salle de bains au rez-de-chaussée ; entrée et 2 pièces à l'étage ; 2 pièces dans les combles. Surface habitable : env. 118 m2 ; surface du bâtiment : 81 m2; rue/chemin : 44 m2 ; terrain : 488 m2; superficie totale du terrain : 627 m2. Y compris annexes et remise (14 m2). Année de construction : 1859.
La propriété bénéficie d'un emplacement très calme et ensoleillé. La gare de Wynigen est accessible en environ 5 minutes en voiture. À Burgdorf, à 6 km, on trouve un large éventail de commerces et de restaurants. L'école maternelle et l'école primaire se trouvent à Kaltacker, tandis que le collège est situé à Heimiswil. La sortie d'autoroute vers l'A1 (Kirchberg) est à environ 9 km.

Edificio residenziale a 4 piani. Disposizione degli ambienti: cantina al piano interrato; ripostiglio, cucina, soggiorno e bagno al piano terra; ingresso e 2 stanze al piano superiore; 2 stanze al piano mansardato. Superficie abitabile: ca. 118 m2; superficie dell'edificio: 81 m2; strada/vialetto: 44 m2; terreno circostante: 488 m2; superficie totale del terreno: 627 m2. Compresi annesso e capanno (14 m2). Anno di costruzione: 1859.
L'immobile si trova in una posizione molto tranquilla e soleggiata. La stazione ferroviaria di Wynigen è raggiungibile in circa 5 minuti di auto. A Burgdorf, a 6 km di distanza, si trova un'ampia gamma di negozi e ristoranti. L'asilo e la scuola elementare si trovano a Kaltacker, mentre la scuola media superiore si trova a Heimiswil. L'accesso all'autostrada A1 (Kirchberg) dista circa 9 km.

Auf Anfrage beim zuständigen Amt

sur demande auprès du bureau compétent

Gemäss Steigerungsbedingungen
