{"id":48581,"date":"2026-04-29T00:00:00","date_gmt":"2026-04-29T21:36:52","guid":{"rendered":"https:\/\/zimmo.swiss\/?post_type=immobilien&#038;p=48581"},"modified":"2026-05-01T16:26:46","modified_gmt":"2026-05-01T14:26:46","slug":"2847","status":"publish","type":"immobilien","link":"https:\/\/zimmo.swiss\/fr\/immobilien\/2847\/","title":{"rendered":"2847"},"content":{"rendered":"","protected":false},"excerpt":{"rendered":"","protected":false},"featured_media":0,"menu_order":0,"template":"","meta":{"_acf_changed":false},"categories":[],"class_list":["post-48581","immobilien","type-immobilien","status-publish","hentry"],"acf":{"bild":"https:\/\/zimmo.swiss\/wp-content\/uploads\/2023\/08\/Wohnung-3.jpg","objekt-art":"Wohnung","f-objekt-art":"Appartement","i-objekt-art":"Appartemento","objekt-titel":"2-Zimmer-Wohnung","f-objekt-titel":"Appartement 2 pi\u00e8ces","i-objekt-titel":"Appartamento con 2 locali","objektbeschrieb":"2-Zimmer-Wohnung im Untergeschoss von 4-geschossigem Mehrfamilienhaus mit insgesamt 7 Wohnungen. Wohnungsfl\u00e4che: ca. 55 m2. Inkl. Nebenr\u00e4ume. Baujahr: 2021\nDen Bahnhof Affoltern-Weier und die Bushaltestelle erreicht man in ca. 3 Gehminuten. Eine Einkaufsm\u00f6glichkeit liegt in ca. 500 m Entfernung. Ein breiteres Angebot an Einkaufsm\u00f6glichkeiten und Restaurants findet man in Sumiswald (Entfernung: ca. 4 km). Der Kindergarten und die Primarschule k\u00f6nnen in Weier und die Oberstufe in Sumiswald besucht werden.","f-objekt":"Appartement 2 pi\u00e8ces situ\u00e9 au sous-sol d'un immeuble de 4 \u00e9tages comprenant 7 appartements au total. Surface habitable : environ 55 m2. Pi\u00e8ces annexes comprises. Ann\u00e9e de construction : 2021\nLa gare d'Affoltern-Weier et l'arr\u00eat de bus sont accessibles en environ 3 minutes \u00e0 pied. Un magasin se trouve \u00e0 environ 500 m. On trouve un choix plus large de commerces et de restaurants \u00e0 Sumiswald (distance : environ 4 km). L'\u00e9cole maternelle et l'\u00e9cole primaire se trouvent \u00e0 Weier, tandis que le coll\u00e8ge est situ\u00e9 \u00e0 Sumiswald.","i-objekt":"Appartamento bilocale situato al piano seminterrato di un condominio di 4 piani con un totale di 7 appartamenti. Superficie abitabile: circa 55 m2. Compresi i locali accessori. Anno di costruzione: 2021\nLa stazione ferroviaria di Affoltern-Weier e la fermata dell'autobus sono raggiungibili in circa 3 minuti a piedi. A circa 500 m di distanza si trova un negozio. A Sumiswald (distanza: circa 4 km) \u00e8 disponibile un'ampia offerta di negozi e ristoranti. L'asilo e la scuola elementare si trovano a Weier, mentre la scuola media superiore \u00e8 a Sumiswald.","strassenr":"K\u00e4sereistrasse 5","plz":"3642","ort":"Weier im Emmental","kanton":"BE","amtliche_schatzung":"Gem\u00e4ss Steigerungsbedingungen","besichtigung":"Auf Anfrage beim zust\u00e4ndigen Amt","f-besichtigung":"sur demande aupr\u00e8s du bureau comp\u00e9tent","i-besichtigung":"su richiesta presso l\u2019ufficio di esecuzione","steigerungsdatum":"26.08.2026","steigerungszeit":"09.00","steigerungsort":"Betreibungsamt Emmental-Oberaargau, Dienststelle Emmental, Eingang Dunantstrasse 7B, 3400 Burgdorf (3. Stock, Sitzungszimmer Emme)","grundbuchamt":"Affoltern, Gbbl. 622-7","kontaktstelle":"Betreibungsamt Emmental-Oberaargau, Dienststelle Emmental,  Dunantstrasse 7c, 3400 Burgdorf","anzahlung":"Gem\u00e4ss Steigerungsbedingungen","f-anzahlung":"","i-anzahlung":"","shab_link":"https:\/\/shab.ch\/api\/v1\/publications\/58879eb0-2547-4dca-94ac-693798910bbc\/pdf","oereb_link":"https:\/\/www.oereb2.apps.be.ch\/extract\/pdf\/?EGRID=CH301535674695","link_1":"","link_2":"","link_3":"","link_4":"","link_5":"","link_6":"","abgesagt":false,"erstelldatum":"2026-04-29","latitude":"47.06141","longitude":"7.75110"},"yoast_head":"<!-- This site is optimized with the Yoast SEO plugin v21.7 - https:\/\/yoast.com\/wordpress\/plugins\/seo\/ -->\n<title>2847 | Zimmo.swiss<\/title>\n<meta name=\"robots\" content=\"index, follow, max-snippet:-1, max-image-preview:large, max-video-preview:-1\" \/>\n<link rel=\"canonical\" href=\"https:\/\/zimmo.swiss\/immobilien\/2847\/\" \/>\n<meta property=\"og:locale\" content=\"fr_FR\" \/>\n<meta property=\"og:type\" content=\"article\" \/>\n<meta property=\"og:title\" content=\"2847 | Zimmo.swiss\" \/>\n<meta property=\"og:url\" content=\"https:\/\/zimmo.swiss\/immobilien\/2847\/\" \/>\n<meta property=\"og:site_name\" content=\"Zimmo.swiss\" \/>\n<meta property=\"article:modified_time\" content=\"2026-05-01T14:26:46+00:00\" \/>\n<meta property=\"og:image\" content=\"https:\/\/zimmo.swiss\/wp-content\/uploads\/2023\/10\/opengraph-zimmo.png\" \/>\n\t<meta property=\"og:image:width\" content=\"1200\" \/>\n\t<meta property=\"og:image:height\" content=\"630\" \/>\n\t<meta property=\"og:image:type\" content=\"image\/png\" \/>\n<meta name=\"twitter:card\" content=\"summary_large_image\" \/>\n<script type=\"application\/ld+json\" class=\"yoast-schema-graph\">{\"@context\":\"https:\/\/schema.org\",\"@graph\":[{\"@type\":\"WebPage\",\"@id\":\"https:\/\/zimmo.swiss\/immobilien\/2847\/\",\"url\":\"https:\/\/zimmo.swiss\/immobilien\/2847\/\",\"name\":\"2847 | Zimmo.swiss\",\"isPartOf\":{\"@id\":\"https:\/\/zimmo.swiss\/#website\"},\"datePublished\":\"2026-04-29T21:36:52+00:00\",\"dateModified\":\"2026-05-01T14:26:46+00:00\",\"breadcrumb\":{\"@id\":\"https:\/\/zimmo.swiss\/immobilien\/2847\/#breadcrumb\"},\"inLanguage\":\"fr-FR\",\"potentialAction\":[{\"@type\":\"ReadAction\",\"target\":[\"https:\/\/zimmo.swiss\/immobilien\/2847\/\"]}]},{\"@type\":\"BreadcrumbList\",\"@id\":\"https:\/\/zimmo.swiss\/immobilien\/2847\/#breadcrumb\",\"itemListElement\":[{\"@type\":\"ListItem\",\"position\":1,\"name\":\"Startseite\",\"item\":\"https:\/\/zimmo.swiss\/\"},{\"@type\":\"ListItem\",\"position\":2,\"name\":\"Immobilien\",\"item\":\"https:\/\/zimmo.swiss\/immobilien\/\"},{\"@type\":\"ListItem\",\"position\":3,\"name\":\"2847\"}]},{\"@type\":\"WebSite\",\"@id\":\"https:\/\/zimmo.swiss\/#website\",\"url\":\"https:\/\/zimmo.swiss\/\",\"name\":\"Zimmo.swiss\",\"description\":\"Das Immobilien-Suchabo aus der Schweiz\",\"potentialAction\":[{\"@type\":\"SearchAction\",\"target\":{\"@type\":\"EntryPoint\",\"urlTemplate\":\"https:\/\/zimmo.swiss\/?s={search_term_string}\"},\"query-input\":\"required name=search_term_string\"}],\"inLanguage\":\"fr-FR\"}]}<\/script>\n<!-- \/ Yoast SEO plugin. -->","yoast_head_json":{"title":"2847 | Zimmo.swiss","robots":{"index":"index","follow":"follow","max-snippet":"max-snippet:-1","max-image-preview":"max-image-preview:large","max-video-preview":"max-video-preview:-1"},"canonical":"https:\/\/zimmo.swiss\/immobilien\/2847\/","og_locale":"fr_FR","og_type":"article","og_title":"2847 | Zimmo.swiss","og_url":"https:\/\/zimmo.swiss\/immobilien\/2847\/","og_site_name":"Zimmo.swiss","article_modified_time":"2026-05-01T14:26:46+00:00","og_image":[{"width":1200,"height":630,"url":"https:\/\/zimmo.swiss\/wp-content\/uploads\/2023\/10\/opengraph-zimmo.png","type":"image\/png"}],"twitter_card":"summary_large_image","schema":{"@context":"https:\/\/schema.org","@graph":[{"@type":"WebPage","@id":"https:\/\/zimmo.swiss\/immobilien\/2847\/","url":"https:\/\/zimmo.swiss\/immobilien\/2847\/","name":"2847 | Zimmo.swiss","isPartOf":{"@id":"https:\/\/zimmo.swiss\/#website"},"datePublished":"2026-04-29T21:36:52+00:00","dateModified":"2026-05-01T14:26:46+00:00","breadcrumb":{"@id":"https:\/\/zimmo.swiss\/immobilien\/2847\/#breadcrumb"},"inLanguage":"fr-FR","potentialAction":[{"@type":"ReadAction","target":["https:\/\/zimmo.swiss\/immobilien\/2847\/"]}]},{"@type":"BreadcrumbList","@id":"https:\/\/zimmo.swiss\/immobilien\/2847\/#breadcrumb","itemListElement":[{"@type":"ListItem","position":1,"name":"Startseite","item":"https:\/\/zimmo.swiss\/"},{"@type":"ListItem","position":2,"name":"Immobilien","item":"https:\/\/zimmo.swiss\/immobilien\/"},{"@type":"ListItem","position":3,"name":"2847"}]},{"@type":"WebSite","@id":"https:\/\/zimmo.swiss\/#website","url":"https:\/\/zimmo.swiss\/","name":"Zimmo.swiss","description":"Das Immobilien-Suchabo aus der Schweiz","potentialAction":[{"@type":"SearchAction","target":{"@type":"EntryPoint","urlTemplate":"https:\/\/zimmo.swiss\/?s={search_term_string}"},"query-input":"required name=search_term_string"}],"inLanguage":"fr-FR"}]}},"_links":{"self":[{"href":"https:\/\/zimmo.swiss\/fr\/wp-json\/wp\/v2\/immobilien\/48581","targetHints":{"allow":["GET"]}}],"collection":[{"href":"https:\/\/zimmo.swiss\/fr\/wp-json\/wp\/v2\/immobilien"}],"about":[{"href":"https:\/\/zimmo.swiss\/fr\/wp-json\/wp\/v2\/types\/immobilien"}],"wp:attachment":[{"href":"https:\/\/zimmo.swiss\/fr\/wp-json\/wp\/v2\/media?parent=48581"}],"wp:term":[{"taxonomy":"category","embeddable":true,"href":"https:\/\/zimmo.swiss\/fr\/wp-json\/wp\/v2\/categories?post=48581"}],"curies":[{"name":"wp","href":"https:\/\/api.w.org\/{rel}","templated":true}]}}

Appartement 2 pièces

2-Zimmer-Wohnung im Untergeschoss von 4-geschossigem Mehrfamilienhaus mit insgesamt 7 Wohnungen. Wohnungsfläche: ca. 55 m2. Inkl. Nebenräume. Baujahr: 2021
Den Bahnhof Affoltern-Weier und die Bushaltestelle erreicht man in ca. 3 Gehminuten. Eine Einkaufsmöglichkeit liegt in ca. 500 m Entfernung. Ein breiteres Angebot an Einkaufsmöglichkeiten und Restaurants findet man in Sumiswald (Entfernung: ca. 4 km). Der Kindergarten und die Primarschule können in Weier und die Oberstufe in Sumiswald besucht werden.

Appartement 2 pièces situé au sous-sol d'un immeuble de 4 étages comprenant 7 appartements au total. Surface habitable : environ 55 m2. Pièces annexes comprises. Année de construction : 2021
La gare d'Affoltern-Weier et l'arrêt de bus sont accessibles en environ 3 minutes à pied. Un magasin se trouve à environ 500 m. On trouve un choix plus large de commerces et de restaurants à Sumiswald (distance : environ 4 km). L'école maternelle et l'école primaire se trouvent à Weier, tandis que le collège est situé à Sumiswald.

Appartamento bilocale situato al piano seminterrato di un condominio di 4 piani con un totale di 7 appartamenti. Superficie abitabile: circa 55 m2. Compresi i locali accessori. Anno di costruzione: 2021
La stazione ferroviaria di Affoltern-Weier e la fermata dell'autobus sono raggiungibili in circa 3 minuti a piedi. A circa 500 m di distanza si trova un negozio. A Sumiswald (distanza: circa 4 km) è disponibile un'ampia offerta di negozi e ristoranti. L'asilo e la scuola elementare si trovano a Weier, mentre la scuola media superiore è a Sumiswald.

Käsereistrasse 5

Gemäss Steigerungsbedingungen

Auf Anfrage beim zuständigen Amt

sur demande auprès du bureau compétent
